se 10, what is -14 - 2705?
-2719
In base 9, what is -3286 - 17?
-3314
In base 15, what is -3 - -1228?
1225
In base 16, what is -305d + -70?
-30cd
In base 4, what is -113320 - 310?
-120230
In base 7, what is -3 + 114400?
114364
In base 10, what is -2 + 88054?
88052
In base 16, what is -14a7b0 - -1?
-14a7af
In base 13, what is -1864c - -2?
-1864a
In base 2, what is 1000010111000 - 11000?
1000010100000
In base 10, what is -288017 - 4?
-288021
In base 3, what is 1212002221 + -2212?
1212000002
In base 16, what is 94a6 + 0?
94a6
In base 4, what is -13131230 + 3?
-13131221
In base 13, what is -2537 - 7?
-2541
In base 3, what is -10102202101022 + 1?
-10102202101021
In base 9, what is 302 - 568?
-266
In base 8, what is 2422 - 1?
2421
In base 11, what is 5a08a2 - -4?
5a08a6
In base 10, what is 621 + -63?
558
In base 13, what is 178 - 1?
177
In base 12, what is 11324 + 6?
1132a
In base 14, what is 1b + 441?
45c
In base 16, what is 9 + e7f?
e88
In base 10, what is -1 - 32?
-33
In base 3, what is -1 - -2200102?
2200101
In base 11, what is -588a + 3?
-5887
In base 5, what is -1220 + 10332?
4112
In base 6, what is -30 + -1323340?
-1323410
In base 7, what is 125 - 26056?
-25631
In base 6, what is -2 + -23242553?
-23242555
In base 12, what is 33 + 11a76?
11aa9
In base 9, what is 31 - 267403?
-267362
In base 16, what is -c4cd9 + 0?
-c4cd9
In base 16, what is 5 + 3225?
322a
In base 9, what is -5 + -116254?
-116260
In base 12, what is -633 - -21?
-612
In base 9, what is 7 - 2135?
-2127
In base 11, what is -1508 - 4?
-1511
In base 2, what is 100 + -10100010001111000101?
-10100010001111000001
In base 10, what is 843 - -89?
932
In base 12, what is -69 + -206?
-273
In base 5, what is 14311 + -101?
14210
In base 15, what is c3 - -33d?
411
In base 6, what is -2 + 131121?
131115
In base 5, what is -1034244 - 3?
-1034302
In base 5, what is 1 - 233140344?
-233140343
In base 10, what is -152 - -15118?
14966
In base 11, what is 4a3 - 93?
410
In base 5, what is 10 + -20324223?
-20324213
In base 11, what is -412 + -67?
-479
In base 10, what is 195 - 691?
-496
In base 6, what is -515050 + 1?
-515045
In base 9, what is -258 - -5743?
5474
In base 10, what is -956 + -29?
-985
In base 4, what is -3310330 + 330?
-3310000
In base 2, what is -111101101110111 + 1111100?
-111101011111011
In base 10, what is -16984 - -2?
-16982
In base 14, what is -502 - -40b?
-d5
In base 15, what is 4 + -1252?
-124d
In base 10, what is 9 + 212339?
212348
In base 12, what is -58b4 - 81?
-5975
In base 5, what is -202411 + 14?
-202342
In base 9, what is 134321 + 0?
134321
In base 2, what is -1001000 + 101010011010?
101001010010
In base 13, what is -4 - 291a?
-2921
In base 15, what is 1e87 - 6d?
1e19
In base 12, what is 2811b + 3?
28122
In base 7, what is -2 + 105044?
105042
In base 2, what is -10 - -11101000000110000?
11101000000101110
In base 6, what is -4 - 31510?
-31514
In base 13, what is 2 + -4794?
-4792
In base 12, what is -9 - -a04?
9b7
In base 6, what is -4 + -411215?
-411223
In base 5, what is 24 - -102401?
102430
In base 7, what is 113 + -162430?
-162314
In base 8, what is 376 - 140?
236
In base 9, what is -417 + -1122?
-1540
In base 11, what is 5 + 89a?
8a4
In base 7, what is 1302 + -13?
1256
In base 14, what is 1 + -ca97?
-ca96
In base 14, what is -281 - -1b?
-264
In base 14, what is -157 - -799?
642
In base 5, what is 323001 + -1?
323000
In base 12, what is 1 - 224869?
-224868
In base 8, what is -1266066 + 1?
-1266065
In base 14, what is -d575 + 5?
-d570
In base 13, what is -228c + 176?
-2116
In base 11, what is 866 + -a79?
-213
In base 5, what is 221021 + 2?
221023
In base 15, what is 5ac7 - 2a?
5a9c
In base 12, what is 56 + 176?
210
In base 4, what is 1121 - 31302?
-30121
In base 4, what is -22310022 + 1?
-22310021
In base 9, what is -166654 + -5?
-166660
In base 16, what is -8 + 2560?
2558
In base 11, what is 173758a + -2?
1737588
In base 16, what is -6023 + 4?
-601f
In base 6, what is 1244205 - -4?
1244213
In base 4, what is 10001 + 1111?
11112
In base 15, what is -77eb - -1a?
-77d1
In base 8, what is -100 - -555?
455
In base 9, what is 3 + -21038?
-21035
In base 16, what is 2d497 - 4?
2d493
In base 8, what is -105 - -5022?
4715
In base 13, what is -7 - 1a8aac?
-1a8ab6
In base 15, what is 3 + 1c195?
1c198
In base 13, what is 45a90 - -28?
45ab8
In base 14, what is 17 + -b28a?
-b273
In base 3, what is -10201010 + -200100?
-11101110
In base 10, what is -479089 + -4?
-479093
In base 6, what is -31 - 2054240?
-2054311
In base 3, what is -121112220 + -1?
-121112221
In base 8, what is -200343 - 3?
-200346
In base 9, what is -1080 - 7738?
-8828
In base 9, what is 20 + -251664?
-251644
In base 16, what is -1b1bf - -4?
-1b1bb
In base 4, what is 120 - 2033201?
-2033021
In base 15, what is 0 + 2d020?
2d020
In base 3, what is 22212220 + 22200?
100012120
In base 4, what is -2003211 - -112?
-2003033
In base 7, what is -536010 + -3?
-536013
In base 13, what is -11bb + -2?
-11c0
In base 5, what is -4 - -21423132?
21423123
In base 5, what is 34200 + 43004?
132204
In base 4, what is -1232221 - 310?
-1233131
In base 13, what is 898 + 95?
960
In base 6, what is 224042 - -5?
224051
In base 13, what is -1473b + 0?
-1473b
In base 16, what is 36a - -719?
a83
In base 14, what is -a4064 - -5?
-a405d
In base 13, what is -1 - -3288?
3287
In base 11, what is 16 + 34776?
34791
In base 12, what is 8 - -6b5?
701
In base 3, what is 1011022001 - -10201?
1011102202
In base 12, what is 3 + 103824?
103827
In base 14, what is 4 - -a569?
a56d
In base 9, what is -3885 - 0?
-3885
In base 14, what is -bb0 - 13?
-bc3
In base 14, what is -d9b54 + 1?
-d9b53
In base 6, what is -424 - 445?
-1313
In base 12, what is 8 + -4940a?
-49402
In base 5, what is -324 - -10122?
4243
In base 4, what is -310 - -12320003?
12313033
In base 14, what is 1 + 156a6?
156a7
In base 5, what is -111 - 13334?
-14000
In base 6, what is 4 - -31430?
31434
In base 2, what is -111 - 101101110111010010?
-101101110111011001
In base 4, what is -3002001 + 102?
-3001233
In base 15, what is -1866d - -14?
-18659
In base 12, what is -3006 + -3?
-3009
In base 14, what is -41c + -32?
-450
In base 2, what is -110101100101101 + 1?
-110101100101100
In base 4, what is -220 + 100323?
100103
In base 16, what is 0 + -1425?
-1425
In base 16, what is -149 + a?
-13f
In base 4, what is 31133 + 2001?
33200
In base 11, what is -3 + 113?
110
In base 12, what is -abb + 65?
-a56
In base 14, what is -19 + -236?
-251
In base 5, what is -2133413 + -21?
-2133434
In base 3, what is -22 - -210210022?
210210000
In base 13, what is 77a + -7?
773
In base 2, what is 10 - -11110110111110?
11110111000000
In base 10, what is 429141 - -4?
429145
In base 7, what is 16 + -210?
-161
In base 15, what is -1 - c615?
-c616
In base 10, what is 0 - 3007?
-3007
In base 13, what is 2 + -8cca8?
-8cca6
In base 15, what is c3 + 4c1?
594
In base 10, what is 6 - -10810?
10816
In base 11, what is 4 - 15001?
-14aa8
In base 2, what is 1010111101011001010 - 110?
1010111101011000100
In base 5, what is -20132010 - 10?
-20132020
In base 5, what is -411 - 10324?
-11240
In base 4, what is 1123 + 11133201?
11200330
In base 9, what is -1467364 - -5?
-1467358
In base 8, what is 0 - 1131144?
-1131144
In base 2, what is -100001101 - 10110000101?
-11010010010
In base 11, what is 17 - 1570?
-1554
In base 13, what is c11 + -4?
c0a
In base 3, what is 22001011221 + 10?
22001012001
In base 3, what is 2111 - -112222011?
120001122
In base 9, what is 2378 + 171?
2560
In base 7, what is 4 + 5601461?
5601465
In base 14, what is 1 - -843a?
843b
In base 15, what is -6 - 34a9?
-34b0
In base 4, what is -103300 - 11030?
-120330
In base 3, what is 212101 + -2222?
202102
In base 3, what is -12202202012 - -21?
-12202201221
In base 4, what is -2 - -131020?
131012
In base 10, what is -419 - -1249?
830
In base 11, what is 743 + 0?
743
In base 11, what is 1298 + 23?
1310
In base 2, what is 100011000101000110011 + -10?
100011000101000110001
In base 5, what is 30444 + -240?
30204
In base 11, what is 236697 - 4?
236693
In base 10, what is 1002538 + 5?
1002543
In base 5, what is -104 - -322034?
321430
In base 12, what is -287 - 848?
-b13
In base 16, what is -2 - 21b2?
-21b4
In base 12, what is 0 - -1b445b?
1b445b
In base 15, what is -e - 6202?
-6211
In b